Last updated on 2024-08-25 05:49:39 CEST.
Flavor | Version | Tinstall | Tcheck | Ttotal | Status | Flags |
---|---|---|---|---|---|---|
r-devel-linux-x86_64-debian-clang | 4.7.3 | 24.63 | 171.70 | 196.33 | NOTE | |
r-devel-linux-x86_64-debian-gcc | 4.7.3 | 12.37 | 104.98 | 117.35 | NOTE | |
r-devel-linux-x86_64-fedora-clang | 4.7.3 | 316.46 | OK | |||
r-devel-linux-x86_64-fedora-gcc | 4.7.3 | 315.14 | OK | |||
r-devel-windows-x86_64 | 4.7.3 | 23.00 | 223.00 | 246.00 | NOTE | |
r-patched-linux-x86_64 | 4.7.3 | 36.77 | 162.07 | 198.84 | OK | |
r-release-linux-x86_64 | 4.7.3 | 22.40 | 160.62 | 183.02 | OK | |
r-release-macos-arm64 | 4.7.3 | 77.00 | OK | |||
r-release-macos-x86_64 | 4.7.3 | 116.00 | OK | |||
r-release-windows-x86_64 | 4.7.3 | 25.00 | 223.00 | 248.00 | OK | |
r-oldrel-macos-arm64 | 4.7.3 | 78.00 | OK | |||
r-oldrel-macos-x86_64 | 4.7.3 | 195.00 | OK | |||
r-oldrel-windows-x86_64 | 4.7.3 | 31.00 | 268.00 | 299.00 | OK |
Version: 4.7.3
Check: Rd cross-references
Result: NOTE
Found the following Rd file(s) with Rd \link{} targets missing package
anchors:
xpose.VPC.categorical.Rd: xyplot
Please provide package anchors for all Rd \link{} targets not in the
package itself and the base packages.
Flavors: r-devel-linux-x86_64-debian-clang, r-devel-linux-x86_64-debian-gcc, r-devel-windows-x86_64