CRAN Package Check Results for Package yager

Last updated on 2025-02-22 04:51:33 CET.

Flavor Version Tinstall Tcheck Ttotal Status Flags
r-devel-linux-x86_64-debian-clang 0.1.1 2.59 26.97 29.56 OK
r-devel-linux-x86_64-debian-gcc 0.1.1 1.98 21.00 22.98 OK
r-devel-linux-x86_64-fedora-clang 0.1.1 47.82 OK
r-devel-linux-x86_64-fedora-gcc 0.1.1 45.85 OK
r-devel-macos-arm64 0.1.1 21.00 OK
r-devel-macos-x86_64 0.1.1 32.00 OK
r-devel-windows-x86_64 0.1.1 4.00 52.00 56.00 OK
r-patched-linux-x86_64 0.1.1 2.92 25.64 28.56 NOTE
r-release-linux-x86_64 0.1.1 2.75 26.13 28.88 NOTE
r-release-macos-arm64 0.1.1 20.00 NOTE
r-release-macos-x86_64 0.1.1 36.00 NOTE
r-release-windows-x86_64 0.1.1 4.00 52.00 56.00 NOTE
r-oldrel-macos-arm64 0.1.1 20.00 NOTE
r-oldrel-macos-x86_64 0.1.1 29.00 NOTE
r-oldrel-windows-x86_64 0.1.1 5.00 58.00 63.00 NOTE

Check Details

Version: 0.1.1
Check: LazyData
Result: NOTE 'LazyData' is specified without a 'data' directory Flavors: r-patched-linux-x86_64, r-release-linux-x86_64, r-release-macos-arm64, r-release-macos-x86_64, r-release-windows-x86_64, r-oldrel-macos-arm64, r-oldrel-macos-x86_64, r-oldrel-windows-x86_64