Last updated on 2025-11-16 04:49:00 CET.
| Flavor | Version | Tinstall | Tcheck | Ttotal | Status | Flags |
|---|---|---|---|---|---|---|
| r-devel-linux-x86_64-debian-clang | 2.0.0 | 4.47 | 50.63 | 55.10 | NOTE | |
| r-devel-linux-x86_64-debian-gcc | 2.0.0 | 3.04 | 38.28 | 41.32 | NOTE | |
| r-devel-linux-x86_64-fedora-clang | 2.0.0 | 11.00 | 76.17 | 87.17 | NOTE | |
| r-devel-linux-x86_64-fedora-gcc | 2.0.0 | 13.00 | 83.04 | 96.04 | NOTE | |
| r-devel-windows-x86_64 | 2.0.0 | 8.00 | 70.00 | 78.00 | NOTE | |
| r-patched-linux-x86_64 | 2.0.0 | 3.95 | 46.76 | 50.71 | NOTE | |
| r-release-linux-x86_64 | 2.0.0 | 4.33 | 47.15 | 51.48 | NOTE | |
| r-release-macos-arm64 | 2.0.0 | 2.00 | 41.00 | 43.00 | NOTE | |
| r-release-macos-x86_64 | 2.0.0 | 6.00 | 112.00 | 118.00 | NOTE | |
| r-release-windows-x86_64 | 2.0.0 | 8.00 | 69.00 | 77.00 | NOTE | |
| r-oldrel-macos-arm64 | 2.0.0 | 2.00 | 47.00 | 49.00 | OK | |
| r-oldrel-macos-x86_64 | 2.0.0 | 4.00 | 62.00 | 66.00 | OK | |
| r-oldrel-windows-x86_64 | 2.0.0 | 7.00 | 82.00 | 89.00 | OK |
Version: 2.0.0
Check: DESCRIPTION meta-information
Result: NOTE
Missing dependency on R >= 4.1.0 because package code uses the pipe
|> or function shorthand \(...) syntax added in R 4.1.0.
File(s) using such syntax:
‘zcta.R’
Flavors: r-devel-linux-x86_64-debian-clang, r-devel-linux-x86_64-debian-gcc, r-devel-linux-x86_64-fedora-clang, r-devel-linux-x86_64-fedora-gcc, r-devel-windows-x86_64, r-patched-linux-x86_64, r-release-linux-x86_64, r-release-macos-arm64, r-release-macos-x86_64, r-release-windows-x86_64