Last updated on 2025-11-16 04:49:00 CET.
| Flavor | Version | Tinstall | Tcheck | Ttotal | Status | Flags |
|---|---|---|---|---|---|---|
| r-devel-linux-x86_64-debian-clang | 0.3.5 | 37.01 | 227.15 | 264.16 | NOTE | |
| r-devel-linux-x86_64-debian-gcc | 0.3.5 | 21.19 | 164.21 | 185.40 | NOTE | |
| r-devel-linux-x86_64-fedora-clang | 0.3.5 | 103.00 | 505.97 | 608.97 | OK | |
| r-devel-linux-x86_64-fedora-gcc | 0.3.5 | 115.00 | 288.43 | 403.43 | OK | |
| r-devel-windows-x86_64 | 0.3.5 | 44.00 | 267.00 | 311.00 | OK | |
| r-patched-linux-x86_64 | 0.3.5 | 34.06 | 222.25 | 256.31 | OK | |
| r-release-linux-x86_64 | 0.3.5 | 33.07 | 219.76 | 252.83 | OK | |
| r-release-macos-arm64 | 0.3.5 | 14.00 | 129.00 | 143.00 | OK | |
| r-release-macos-x86_64 | 0.3.5 | 34.00 | 352.00 | 386.00 | OK | |
| r-release-windows-x86_64 | 0.3.5 | 34.00 | 260.00 | 294.00 | OK | |
| r-oldrel-macos-arm64 | 0.3.5 | 15.00 | 130.00 | 145.00 | OK | |
| r-oldrel-macos-x86_64 | 0.3.5 | 24.00 | 246.00 | 270.00 | OK | |
| r-oldrel-windows-x86_64 | 0.3.5 | 46.00 | 373.00 | 419.00 | OK |
Version: 0.3.5
Check: CRAN incoming feasibility
Result: NOTE
Maintainer: ‘Gavin Rozzi <gr@gavinrozzi.com>’
Package CITATION file contains call(s) to old-style citEntry(). Please
use bibentry() instead.
Flavor: r-devel-linux-x86_64-debian-clang
Version: 0.3.5
Check: CRAN incoming feasibility
Result: NOTE
Maintainer: ‘Gavin Rozzi <gr@gavinrozzi.com>’
Package CITATION file contains call(s) to old-style citEntry(). Please
use bibentry() instead.
The BugReports field in DESCRIPTION has
https://github.com/gavinrozzi/zipcodeR/issues/
which should likely be
https://github.com/gavinrozzi/zipcodeR/issues/issues
instead.
Flavor: r-devel-linux-x86_64-debian-gcc