Last updated on 2024-05-09 05:58:39 CEST.
Flavor | Version | Tinstall | Tcheck | Ttotal | Status | Flags |
---|---|---|---|---|---|---|
r-devel-linux-x86_64-debian-clang | 0.6-70 | 8.94 | 115.45 | 124.39 | OK | |
r-devel-linux-x86_64-debian-gcc | 0.6-70 | 7.10 | 88.19 | 95.29 | OK | |
r-devel-linux-x86_64-fedora-clang | 0.6-70 | 161.80 | NOTE | |||
r-devel-linux-x86_64-fedora-gcc | 0.6-70 | 175.83 | NOTE | |||
r-devel-windows-x86_64 | 0.6-70 | 10.00 | 135.00 | 145.00 | OK | |
r-patched-linux-x86_64 | 0.6-70 | 11.29 | 109.80 | 121.09 | OK | |
r-release-linux-x86_64 | 0.6-70 | 9.38 | 109.27 | 118.65 | OK | |
r-release-macos-arm64 | 0.6-70 | 45.00 | OK | |||
r-release-windows-x86_64 | 0.6-70 | 10.00 | 131.00 | 141.00 | OK | |
r-oldrel-macos-arm64 | 0.6-70 | 55.00 | OK | |||
r-oldrel-macos-x86_64 | 0.6-70 | 101.00 | OK | |||
r-oldrel-windows-x86_64 | 0.6-70 | 12.00 | 138.00 | 150.00 | OK |
Version: 0.6-70
Check: data for non-ASCII characters
Result: NOTE
Note: found 146804 marked UTF-8 strings
Flavors: r-devel-linux-x86_64-fedora-clang, r-devel-linux-x86_64-fedora-gcc