Last updated on 2025-02-22 04:51:33 CET.
Flavor | Version | Tinstall | Tcheck | Ttotal | Status | Flags |
---|---|---|---|---|---|---|
r-devel-linux-x86_64-debian-clang | 0.2.3 | 2.09 | 29.54 | 31.63 | NOTE | |
r-devel-linux-x86_64-debian-gcc | 0.2.3 | 1.46 | 21.91 | 23.37 | NOTE | |
r-devel-linux-x86_64-fedora-clang | 0.2.3 | 50.56 | NOTE | |||
r-devel-linux-x86_64-fedora-gcc | 0.2.3 | 61.94 | NOTE | |||
r-devel-macos-arm64 | 0.2.3 | 25.00 | OK | |||
r-devel-macos-x86_64 | 0.2.3 | 44.00 | NOTE | |||
r-devel-windows-x86_64 | 0.2.3 | 3.00 | 58.00 | 61.00 | NOTE | |
r-patched-linux-x86_64 | 0.2.3 | 2.00 | 27.52 | 29.52 | OK | |
r-release-linux-x86_64 | 0.2.3 | 1.74 | 27.41 | 29.15 | OK | |
r-release-macos-arm64 | 0.2.3 | 24.00 | OK | |||
r-release-macos-x86_64 | 0.2.3 | 38.00 | OK | |||
r-release-windows-x86_64 | 0.2.3 | 3.00 | 59.00 | 62.00 | OK | |
r-oldrel-macos-arm64 | 0.2.3 | 28.00 | OK | |||
r-oldrel-macos-x86_64 | 0.2.3 | 58.00 | OK | |||
r-oldrel-windows-x86_64 | 0.2.3 | 3.00 | 60.00 | 63.00 | OK |
Version: 0.2.3
Check: DESCRIPTION meta-information
Result: NOTE
Missing dependency on R >= 4.1.0 because package code uses the pipe
|> or function shorthand \(...) syntax added in R 4.1.0.
File(s) using such syntax:
‘notate.R’
Flavors: r-devel-linux-x86_64-debian-clang, r-devel-linux-x86_64-debian-gcc, r-devel-linux-x86_64-fedora-clang, r-devel-linux-x86_64-fedora-gcc, r-devel-macos-x86_64, r-devel-windows-x86_64