Last updated on 2025-02-21 04:52:11 CET.
Flavor | Version | Tinstall | Tcheck | Ttotal | Status | Flags |
---|---|---|---|---|---|---|
r-devel-linux-x86_64-debian-clang | 0.1.0 | 4.70 | 75.65 | 80.35 | OK | |
r-devel-linux-x86_64-debian-gcc | 0.1.0 | 3.56 | 51.77 | 55.33 | OK | |
r-devel-linux-x86_64-fedora-clang | 0.1.0 | 126.78 | OK | |||
r-devel-linux-x86_64-fedora-gcc | 0.1.0 | 142.27 | OK | |||
r-devel-macos-arm64 | 0.0.2 | 47.00 | OK | |||
r-devel-macos-x86_64 | 0.1.0 | 97.00 | OK | |||
r-devel-windows-x86_64 | 0.1.0 | 7.00 | 99.00 | 106.00 | OK | |
r-patched-linux-x86_64 | 0.1.0 | 4.39 | 71.16 | 75.55 | OK | |
r-release-linux-x86_64 | 0.1.0 | 4.64 | 70.81 | 75.45 | OK | |
r-release-macos-arm64 | 0.0.2 | 42.00 | OK | |||
r-release-macos-x86_64 | 0.1.0 | 136.00 | NOTE | |||
r-release-windows-x86_64 | 0.1.0 | 7.00 | 105.00 | 112.00 | NOTE | |
r-oldrel-macos-arm64 | 0.0.2 | 56.00 | OK | |||
r-oldrel-macos-x86_64 | 0.1.0 | 133.00 | NOTE | |||
r-oldrel-windows-x86_64 | 0.1.0 | 7.00 | 121.00 | 128.00 | NOTE |
Version: 0.1.0
Check: installed package size
Result: NOTE
installed size is 6.0Mb
sub-directories of 1Mb or more:
doc 5.2Mb
Flavors: r-release-macos-x86_64, r-release-windows-x86_64, r-oldrel-macos-x86_64, r-oldrel-windows-x86_64