Last updated on 2024-08-25 05:49:15 CEST.
Flavor | Version | Tinstall | Tcheck | Ttotal | Status | Flags |
---|---|---|---|---|---|---|
r-devel-linux-x86_64-debian-clang | 1.9-7 | 46.08 | 239.37 | 285.45 | NOTE | |
r-devel-linux-x86_64-debian-gcc | 1.9-7 | 33.84 | 169.06 | 202.90 | NOTE | |
r-devel-linux-x86_64-fedora-clang | 1.9-7 | 477.14 | OK | |||
r-devel-linux-x86_64-fedora-gcc | 1.9-7 | 473.21 | OK | |||
r-devel-windows-x86_64 | 1.9-7 | 37.00 | 263.00 | 300.00 | NOTE | |
r-patched-linux-x86_64 | 1.9-7 | 52.62 | 227.67 | 280.29 | OK | |
r-release-linux-x86_64 | 1.9-7 | 44.73 | 228.47 | 273.20 | OK | |
r-release-macos-arm64 | 1.9-7 | 181.00 | OK | |||
r-release-macos-x86_64 | 1.9-7 | 201.00 | OK | |||
r-release-windows-x86_64 | 1.9-7 | 38.00 | 272.00 | 310.00 | OK | |
r-oldrel-macos-arm64 | 1.9-7 | 117.00 | OK | |||
r-oldrel-macos-x86_64 | 1.9-7 | 258.00 | OK | |||
r-oldrel-windows-x86_64 | 1.9-7 | 48.00 | 296.00 | 344.00 | OK |
Version: 1.9-7
Check: Rd cross-references
Result: NOTE
Found the following Rd file(s) with Rd \link{} targets missing package
anchors:
bvn.plot.rd: wireframe
plot.pairw.rd: multcompLetters
pseudo.v.Rd: empinf, boot
qq.Plot.Rd: boot, envelope
r.pb.rd: corr
Please provide package anchors for all Rd \link{} targets not in the
package itself and the base packages.
Flavors: r-devel-linux-x86_64-debian-clang, r-devel-linux-x86_64-debian-gcc, r-devel-windows-x86_64