CRAN Package Check Results for Package pasadr

Last updated on 2025-11-16 04:48:46 CET.

Flavor Version Tinstall Tcheck Ttotal Status Flags
r-devel-linux-x86_64-debian-clang 1.0 3.22 35.15 38.37 NOTE
r-devel-linux-x86_64-debian-gcc 1.0 2.42 27.52 29.94 NOTE
r-devel-linux-x86_64-fedora-clang 1.0 57.29 OK
r-devel-linux-x86_64-fedora-gcc 1.0 57.11 OK
r-devel-windows-x86_64 1.0 6.00 56.00 62.00 OK
r-patched-linux-x86_64 1.0 3.69 34.27 37.96 OK
r-release-linux-x86_64 1.0 3.29 34.18 37.47 OK
r-release-macos-arm64 1.0 2.00 22.00 24.00 OK
r-release-macos-x86_64 1.0 4.00 44.00 48.00 OK
r-release-windows-x86_64 1.0 5.00 55.00 60.00 OK
r-oldrel-macos-arm64 1.0 2.00 21.00 23.00 OK
r-oldrel-macos-x86_64 1.0 4.00 40.00 44.00 OK
r-oldrel-windows-x86_64 1.0 7.00 68.00 75.00 OK

Check Details

Version: 1.0
Check: CRAN incoming feasibility
Result: NOTE Maintainer: ‘Donghwan Kim <donhkim9714@korea.ac.kr>’ No Authors@R field in DESCRIPTION. Please add one, modifying Authors@R: person(given = "Donghwan", family = "Kim", role = c("aut", "cre"), email = "donhkim9714@korea.ac.kr") as necessary. Flavors: r-devel-linux-x86_64-debian-clang, r-devel-linux-x86_64-debian-gcc